
True
Is 107113997 prime?
True
Is 373726387 a composite number?
False
Is 1003829 composite?
True
Is 53477027 prime?
True
Is 11552581 a prime number?
True
Is 87342901 a composite number?
False
Is 9037451 a prime number?
True
Is 1342681 prime?
False
Is 190889 prime?
True
Is 1707331 prime?
True
Is 433124401 composite?
False
Is 205581003 a prime number?
False
Is 831583 a composite number?
False
Is 10694417 a prime number?
False
Is 2818499 prime?
True
Is 6777491 prime?
False
Is 148498523 a prime number?
False
Is 2363477 a prime number?
False
Is 62748611 a composite number?
False
Is 1107157 composite?
False
Is 24893533 a prime number?
False
Is 24846227 prime?
False
Is 4629341 composite?
True
Is 841259 prime?
True
Is 42284237 a composite number?
False
Is 207554611 a prime number?
False
Is 128847359 a prime number?
True
Is 7790791 a composite number?
False
Is 3922383 a prime number?
False
Is 6998903 prime?
False
Is 52076599 prime?
True
Is 17593567 a prime number?
False
Is 1805219 composite?
True
Is 7998509 a prime number?
True
Is 440208589 a prime number?
True
Is 2264113 a composite number?
False
Is 190357873 a prime number?
True
Is 79493 prime?
True
Is 24228317 a composite number?
False
Is 69913709 composite?
False
Is 130645381 prime?
False
Is 44111735 composite?
True
Is 378365233 prime?
False
Is 825911369 composite?
False
Is 338366683 a composite number?
True
Is 1911401 a composite number?
False
Is 238951 a composite number?
True
Is 751334 prime?
False
Is 86134922 composite?
True
Is 233699119 a composite number?
True
Is 181743259 a composite number?
False
Is 19404733 composite?
False
Is 677425093 a composite number?
False
Is 21374147 a composite number?
False
Is 25520735 a composite number?
True
Is 1011917 composite?
False
Is 11007413 a prime number?
True
Is 57050237 a prime number?
True
Is 38531 prime?
False
Is 13675997 a composite number?
False
Is 2176103 a prime number?
False
Is 42018193 prime?
False
Is 40899277 prime?
True
Is 29190467 a prime number?
False
Is 933671 prime?
True
Is 3349729 a composite number?
True
Is 1431769 a prime number?
True
Is 504360457 a prime number?
True
Is 248549747 composite?
True
Is 546412891 prime?
False
Is 6452062 composite?
True
Is 19773527 a prime number?
True
Is 3915341 a composite number?
False
Is 1567297 a prime number?
True
Is 1225245779 a prime number?
False
Is 6508129 a composite number?
False
Is 63782743 a prime number?
True
Is 17096147 composite?
True
Is 2163999 prime?
False
Is 11205211 a prime number?
True
Is 6881605 composite?
True
Is 1639679 a prime number?
False
Is 845314 a prime number?
False
Is 7427467 a composite number?
False
Is 69852931 a prime number?
True
Is 31597241 a prime number?
False
Is 11571913 composite?
False
Is 18538019 composite?
True
Is 9971641 prime?
True
Is 2122322277 a composite number?
True
Is 43790257 composite?
True
Is 161029963 composite?
True
Is 6311563 composite?
False
Is 105457405 prime?
False
Is 104993957 composite?
True
Is 897445823 prime?
True
Is 1689127 composite?
True
Is 5834177 a prime number?
False
Is 50436107 a composite number?
False
Is 3112549 a composite number?
True
Is 654001 a composite number?
False
Is 4259237 a prime number?
True
Is 269967 a prime number?
False
Is 955783 composite?
True
Is 41175815 a composite number?
True
Is 206995 prime?
False
Is 3675415 a composite number?
True
Is 13945883 a composite number?
True
Is 368251001 prime?
False
Is 59903771 composite?
False
Is 35428439 prime?
True
Is 5179309 prime?
False
Is 1768783 prime?
False
Is 13202069 a prime number?
False
Is 652621 prime?
True
Is 61292197 composite?
False
Is 288791339 a prime number?
True
Is 8137919 a prime number?
True
Is 1518623 a prime number?
True
Is 114683237 composite?
False
Is 54595603 a composite number?
True
Is 5511403 a composite number?
False
Is 79746631 a prime number?
True
Is 59857195 a composite number?
True
Is 505430501 prime?
True
Is 917891 a composite number?
True
Is 16214281 a composite number?
True
Is 9141467 composite?
True
Is 5599259 composite?
True
Is 149227691 a prime number?
False
Is 124405693 prime?
True
Is 1514633 a composite number?
False
Is 57196313 composite?
True
Is 517801745 a composite number?
True
Is 18497891 prime?
False
Is 37636013 a composite number?
False
Is 2398745 prime?
False
Is 24531635 a composite number?
True
Is 200928647 a composite number?
True
Is 1127837 prime?
True
Is 86689258 a composite number?
True
Is 19749805 a composite number?
True
Is 81775369 a composite number?
True
Is 358984838 composite?
True
Is 105907933 a composite number?
False
Is 3343531 a composite number?
False
Is 39227 prime?
True
Is 36455339 a prime number?
True
Is 23342689 a composite number?
True
Is 24295189 composite?
False
Is 3121689 a prime number?
False
Is 175073249 composite?
True
Is 776783 a prime number?
False
Is 18421621 prime?
False
Is 159461957 a composite number?
False
Is 2055751 a prime number?
True
Is 370508681 a prime number?
True
Is 105532571 composite?
True
Is 55786927 a composite number?
True
Is 24417707 composite?
True
Is 15451327 a composite number?
True
Is 505811 a prime number?
True
Is 4863973 a composite number?
True
Is 7308491 a prime number?
True
Is 728547145 a prime number?
False
Is 296755 prime?
False
Is 9033649 a composite number?
False
Is 1179379 a prime number?
True
Is 218672029 prime?
False
Is 58667981 prime?
True
Is 18360341 prime?
True
Is 15729451 composite?
True
Is 145315033 a composite number?
True
Is 23694217 composite?
False
Is 6284077 prime?
True
Is 10291309 composite?
True
Is 3960139 composite?
True
Is 346267333 composite?
False
Is 494850139 composite?
True
Is 15354811 composite?
False
Is 1205159 a prime number?
True
Is 89355353 prime?
True
Is 108241202 composite?
True
Is 45438661 prime?
True
Is 280241 a prime number?
False
Is 648079 composite?
False
Is 187906309 a prime number?
True
Is 425559497 a composite number?
True
Is 34513147 a composite number?
False
Is 121163543 a prime number?
False
Is 155175661 a prime number?
True
Is 71409781 prime?
True
Is 64640561 a composite number?
True
Is 5580373 a composite number?
False
Is 66413623 a prime number?
False
Is 37635497 a prime number?
False
Is 40517735 a composite number?
True
Is 502530711 a composite number?
True
Is 25950017 a composite number?
False
Is 563816381 a prime number?
True
Is 362522851 a prime number?
False
Is 2971921 composite?
True
Is 21064471 a prime number?
True
Is 782473541 composite?
False
Is 66991251 prime?
False
Is 102835121 prime?
False
Is 377231 a composite number?
False
Is 976739 prime?
False
Is 3253577 a composite number?
True
Is 62950829 composite?
False
Is 33810853 prime?
True
Is 992983 a prime number?
True
Is 90648419 prime?
True
Is 35635001 a prime number?
False
Is 29063 a prime number?
True
Is 64244629 composite?
True
Is 273905441 a composite number?
False
Is 134578759 prime?
False
Is 137684951 a composite number?
False
Is 66971 a composite number?
True
Is 1241159 a composite number?
False
Is 13227086 composite?
True
Is 47325949 prime?
False
Is 349941377 prime?
False
Is 22605943 composite?
False
Is 8761733 a composite number?
False
Is 98541029 composite?
False
Is 9174029 a composite number?
False
Is 2345141 a composite number?
False
Is 295194505 a prime number?
False
Is 47063431 composite?
True
Is 3648263 a composite number?
False
Is 22261757 a composite number?
True
Is 5396591 prime?
True
Is 31124953 a prime number?
True
Is 4617257 composite?
False
Is 79488509 composite?
False
Is 223419421 composite?
True
Is 368419 a prime number?
False
Is 469748833 a composite number?
False
Is 12991141 a prime number?
True
Is 77761 prime?
True
Is 36141367 a prime number?
False
Is 26152261 a prime number?
False
Is 9625177 a composite number?
True
Is 48219623 a prime number?
True
Is 2453041 composite?
True
Is 77506409 a prime number?
True
Is 461556127 prime?
True
Is 150509083 a prime number?
True
Is 4218477 prime?
False
Is 3430679 a composite number?
True
Is 670457 composite?
False
Is 1478597 prime?
False
Is 5560931 composite?
False
Is 2959627 prime?
False
Is 61013851 prime?
False
Is 91820699 a prime number?
False
Is 9882391 a prime number?
True
Is 58176103 a prime number?
True
Is 13495694 prime?
False
Is 161621081 prime?
True
Is 288132833 a composite number?
False
Is 59920